et n be 4/(6 - 2)*0/3. Let g(z) = z**2 - 3*z + 871. Is g(n) a composite number?
True
Let y = -28 - -35. Let h(n) = n**3 - 5*n**2 - 14*n + 4. Let i be h(y). Suppose -v + o + 851 = i*o, -2*v + 1686 = 2*o. Is v composite?
False
Suppose 18*h - 58718 = 16*h - 2*n, -5*h = -3*n - 146771. Suppose -16*q + h = 7580. Is q prime?
True
Suppose -3*y = 4*n + 2*y - 147383, -5*y + 36857 = n. Is n/7 - 2 - (-1)/(-7) prime?
True
Let r(u) = 328*u**2 - 369*u + 10. Is r(9) composite?
True
Suppose 75*g + 760719 - 201302 = 94*g. Is g a prime number?
True
Let x = 200545 + -9164. Is x a composite number?
True
Let n(j) = 60*j**3 + 81*j**2 - 8*j + 44. Is n(11) composite?
True
Let n(r) = -19*r**3 - 8*r + 5. Suppose 3 = u + 2*f - 3, -6 = 4*u + 2*f. Is n(u) composite?
True
Let i = -576 + 992. Suppose -g + 867 = -i. Is g prime?
True
Suppose -3*r + 0*r + 3*u + 6 = 0, -3*u = 2*r + 1. Let h be (-2)/10 - (34/5)/r. Let i(y) = -142*y - 15. Is i(h) a prime number?
False
Let s(a) = 84*a + 27. Let i be s(11). Suppose -i - 972 = -3*d. Is d prime?
True
Let j = 334 - 243. Suppose -89*p + j*p - 7114 = 0. Is p a prime number?
True
Let u = -915 - -9. Let p(k) = -134*k + 237. Let w be p(5). Let t = w - u. Is t composite?
True
Suppose -5*u - 31 = -4*y, y + 5*u - u = -8. Let p be -169*((1 - 3) + 0). Suppose y*v - 2*x = 316 + p, -2*x = -v + 171. Is v prime?
False
Let p(j) = -4*j**2 + 15*j + 12. Let w = 60 - 53. Let d be p(w). Is (d + 5)*38/(-4) prime?
False
Suppose -13 = -14*c + 15. Let a(g) = 87*g - 589*g + c - 7 - 384*g. Is a(-3) composite?
True
Suppose -g = -2*i + 1, i - 19 = 2*g - 5. Let f be (-44708)/14 - g/21. Is -2 + f/(-9) + 6/27 composite?
False
Suppose 16*a - 2950838 = 12*a - 2*c, 0 = -5*a + 10*c + 3688435. Is a a prime number?
False
Suppose 170524 + 48750 = 11*f. Is (f/2)/((-52)/(-52)) a composite number?
False
Suppose 19208 = -4*k + 8*k. Suppose -5*n - k + 21347 = 2*r, 3*r + n - 24811 = 0. Suppose -3*b = -3*f + 3268 + 1682, 5*f = b + r. Is f composite?
True
Let r(n) = 121*n**2 + 9. Let i(y) = -12*y + 8. Let s be i(1). Let q be r(s). Let m = q + -1236. Is m prime?
True
Let b be -1*(54 - -3)/1. Let c = 56 + b. Is (-15048)/(-40) + 3 - c/(-5) composite?
False
Suppose 59*u - 49*u - 35490 = 0. Suppose 1854 + 1693 = q + 2*n, -4*n + u = q. Is q a prime number?
False
Is (-11)/((-55)/45) - -137194 a prime number?
False
Suppose -c - z + 138010 = 0, -246831 = -4*c + 4*z + 305169. Suppose c = -8*d + 13*d. Is d composite?
True
Let p(f) = 33*f**2 - 6*f - 13. Suppose 0*b + 48 = -6*b. Is p(b) a composite number?
True
Let r = -57 + 61. Let h be (-15)/9*(-6)/(r - 2). Suppose h*a - 4003 = 2242. Is a a prime number?
True
Let t(g) = g**2 - 5*g + 2. Let z be t(5). Let j = -3034 - -4747. Suppose -m + j = z*m. Is m a composite number?
False
Let o be 2/(-1 + (-5)/(10/(-3))). Suppose q - 419 - 1383 = -5*h, 3*h + o*q = 1071. Is h composite?
True
Suppose -3*l - 2*s - 328 = 0, l - s + 132 = 4*s. Let r = l - -2163. Is r composite?
True
Suppose 2*c + 3*t = 23, 0*c - 4*t = -5*c. Suppose 0*x = 3*q - 3*x - 3699, -q - c*x + 1223 = 0. Is q composite?
False
Let d(u) = -1173*u**3 - 2*u**2 - 9*u - 6. Let g be d(-1). Let x = g - -12820. Is x composite?
True
Let w = -1742119 - -2977596. Is w composite?
False
Suppose 21*u + 58 = 520. Suppose u*j - 17*j = 3*r - 5432, j - 1824 = -r. Is r a prime number?
False
Suppose -4*k = -18 - 6. Let f(q) = 22*q**2 + 5*q + 3. Let l be f(-4). Suppose -k*u - l = -5705. Is u a composite number?
True
Let t = -292 - -295. Suppose 6693 = 5*b + t*d - 1022, -2*b - d + 3086 = 0. Is b composite?
False
Suppose 0 = -0*g + 5*g - 5*c - 20, 5*c + 16 = g. Is ((-416)/(-12) + g)/(1/111) composite?
True
Suppose 22 = -4*u + 54. Suppose -6*j = -u*j + 50. Is j prime?
False
Suppose 9890 = 2*f - o - o - 26712, -o = 0. Is f a composite number?
False
Suppose -39*u + 8577300 = 24*u - 9506661. Is u prime?
True
Let l(s) = 329*s + 2476. Is l(15) composite?
False
Let g(b) = 86 + 19*b + 62*b**2 - 263 + 5*b. Is g(7) a prime number?
False
Let q(a) = 228*a**2 - 5*a + 355. Is q(22) prime?
True
Let w = -269940 - -388511. Is w a prime number?
True
Suppose 1518 = -y + 4935. Let w = -2632 - -4650. Let u = y - w. Is u a prime number?
True
Suppose 3*i - 4124207 = 2*n, 8*i - 8520728 - 2477113 = -n. Is i prime?
True
Is (8/28 - 0) + (-15346925)/(-175) prime?
True
Suppose 3*d = -2*f + 129 - 7, 0 = 5*d - 4*f - 196. Let q be 17/(204/d) - 1/3. Is (31/q - 0)/(2/6) a prime number?
True
Suppose -75 = 3*q + 4*n, 7*n + 96 = -4*q + 3*n. Is ((-733)/(-2)*2)/(q/(-42)) a prime number?
False
Let k be -9 - -7 - -2*8. Is (-43636)/2*(35/k - 3) composite?
False
Let u(n) = -10*n - 123. Let f be u(-13). Suppose -f*g - 1536 = -2*d - 5*g, 4*g = -d + 773. Is d composite?
False
Suppose -m + 1549 = -4*z + z, m = 5*z + 1539. Is m*1 + 3 + 5 + -5 a composite number?
False
Let g(m) = -34*m + 54. Let b be g(-16). Let a = b - 316. Suppose 11*d = 8*d + a. Is d a prime number?
False
Suppose -9*s - 9 - 9 = 0. Let t be 3 - 1*4/s. Suppose 6*d = t*d + 155. Is d prime?
False
Let p(t) = -t**2 + 9*t - 20*t - 18 - t. Let w be p(-10). Suppose f = 4*k - 836, 2*k + 0*k - w*f - 418 = 0. Is k composite?
True
Suppose -27*l - 3794817 + 1109667 = 0. Let g = 160399 + l. Is g a composite number?
True
Suppose -n + 8 = n. Let t be (544/36 - 0) + n/(-36). Suppose -1488 = -t*r + 282. Is r a composite number?
True
Let t be 5/(-15)*18/(-2). Suppose 3*u + 2*l - 4946 = -t*l, u - 3*l = 1672. Is u a prime number?
True
Let k(v) = v**2 - 6*v + 18. Let i be k(7). Let w be 13*i - (2 - 5). Let u = 461 - w. Is u a composite number?
True
Let n be 6/(-21) + (-3 - (-2612)/28). Let a = n - 90. Suppose -1317 = -5*x - 2*j - a*j, 1049 = 4*x - 3*j. Is x a prime number?
True
Is (2/(-4))/((289/1967954)/(-17)) composite?
False
Let w(y) = 20*y + 9. Suppose -3*v = -d + 27, -67 - 41 = -4*d + 3*v. Let f = -20 + d. Is w(f) composite?
False
Let t = -10 - -14. Suppose t*q + 4*c + 4456 = 0, q + 999 = 3*c - 95. Let r = q - -2028. Is r composite?
False
Let q = -13 - -13. Let d(l) = -5*l**2 - 5 - 400*l**3 + 2*l + 392*l**3 + q*l**2. Is d(-6) a prime number?
True
Let u(q) = 826*q**2 - 8*q + 82. Is u(-10) composite?
True
Suppose c = 2*f - 4*f, 3*f = -5*c. Suppose 7*k - 3971 - 11282 = c. Is k a composite number?
False
Let p be (-6842)/176 + -2*1/16. Let b = 42 + p. Suppose -20179 = -5*l - 3*i, -11108 + 31299 = 5*l - b*i. Is l a composite number?
True
Suppose -2*l - 44 = -6*u + 4*u, -3*l = -4*u + 70. Is (18/l)/((-1)/1901) a composite number?
False
Let x = 15 - 13. Suppose x*j - 605 = 2029. Suppose 6*r + j = 9*r. Is r a composite number?
False
Let h = -59 + 63. Let y be ((-128)/(-48))/(h/6). Suppose 2*n + y = 538. Is n a prime number?
False
Let x = 13819 + -3260. Is x a composite number?
False
Let h(m) = 5*m**2 - 19*m - 33. Let o be (-3 + (-11)/(-3))*(-8 - -2). Let r(k) = -6*k**2 + 18*k + 32. Let q(p) = o*r(p) - 5*h(p). Is q(16) a composite number?
False
Suppose -21*c + 14*c = 0. Suppose c = 8*y + 11*y - 9538. Is y a prime number?
False
Let y = 37186 + -19523. Is y a composite number?
True
Let w be ((-11)/(-2) - (-5)/(-10))*4. Suppose -2*f + 0*z = -z - 13, 4*z + w = 0. Suppose 1910 + 3018 = 4*r + f*n, 0 = 2*r + 5*n - 2473. Is r prime?
True
Let z be 2/7 + 10975/175. Let d = 63 - z. Is 131 + d/(2 - -2) a composite number?
False
Suppose -633 = -15*q + 12*q. Suppose -5*h + q = -4*h. Let m = h + -20. Is m a prime number?
True
Suppose 0 = 3*u - 2*v - 5, 2*v - 17 = -2*u - 7. Let g(l) = 569*l - 50. Is g(u) prime?
True
Let f(v) = v**3 - 4*v**2 + v - 2. Let j be f(4). Suppose -2 = j*w, 2*w = m + 3*w - 1948. Is m composite?
False
Let f(m) = m**2 - 30*m + 17. Let i be f(-18). Let u = i - -150. Is u a prime number?
True
Let x be 4 + 2/4*-5966. Let v = -1616 - x. Is v a composite number?
True
Let z be ((-2)/(2/(-1)))/((-32)/64). Is (1361/z)/((-17)/34) a prime number?
True
Is 261340 - -2*5*(-11)/(-110) a prime number?
False
Let r be (9 - 5) + -1 - 3. Suppose 9*i - i = r. Suppose i = 8*a - 2337 - 2791. Is a a prime number?
True
Let c(b) = 1930*b**2 - 4*b + 0 - 5 + 4 - 7. Let z be c(-3). Let n = -12063 + z. Is n prime?
False
Let f(r) = 28*r**3 + 3*r**2 - 15*r + 73. Let v be f(10). Let l = 53232 - v. Is l a composite number?
True
Let c(d) be the third derivative of -19*d**6/120 - d**5/60 - 7*d**4/24 - 2*d**3/3 + 3*d**2 + 17. Is c(-3) prime?
